+ 24 = 0, -3*m = n - 2*m - 8. What is the units digit of n?
2
Suppose 3*r = c + 4514, 4*c + 1509 = r + 8*c. What is the tens digit of r?
0
Suppose -42*b + 52141 = -25475. What is the tens digit of b?
4
Suppose -2*c = -4*c + 78. Let b = 19 + c. Suppose p = 3, -3*q - 5*p - b = -154. What is the tens digit of q?
2
Suppose 0 = -0*k - 3*k + s - 45, -2*s - 50 = 4*k. What is the units digit of (936/40)/(1 - k/(-20))?
8
What is the thousands digit of 0 + 5629 - (1 + 2 - 4)?
5
Suppose a + 5 = 0, -65*c - 2*a - 20774 = -69*c. What is the thousands digit of c?
5
Let d be (-108)/(-26) + (-6)/39. Suppose d = -4*p - 0. Let i(s) = -12*s + 1. What is the units digit of i(p)?
3
Suppose 0 = 2*r - 156 - 74. Suppose 4*w + 149 = -r. Let s = w - -125. What is the units digit of s?
9
Let c = 0 - 0. Let w(u) = u**3 + 21*u**2 - 2*u - 42. Let y be w(-21). Suppose -5*p - q + 197 = c, 4*p - 8*q + 3*q - 175 = y. What is the units digit of p?
0
Let p(s) = -3*s + 47. What is the tens digit of p(-19)?
0
Suppose -2*p + 2 = -2*c, -2*c + 5*p = -5*c - 19. What is the tens digit of (-46)/(-1) + 3 + c?
4
Let i(g) = 4*g**2 + 3*g - 3. Let t be i(-3). Let d be (-200)/(-6)*(-36)/t. What is the units digit of (d/(-6))/(3/9)?
5
Let j(r) = 4 + 6*r - 5 + 5 + 2*r**2 + 1. Let c be j(-3). Suppose -c*x - f + 119 = 0, -5*x + 3*f + 85 = -18. What is the units digit of x?
3
Let j(x) = x**3 - 4*x**2 + x + 7. Let o(b) = -b**3 + 4*b**2 - b - 7. Let z(f) = -3*j(f) - 2*o(f). What is the hundreds digit of z(-4)?
1
Suppose 0 = -2*b + 2*a + 548 + 134, -2*a + 1033 = 3*b. What is the hundreds digit of b?
3
Suppose 0 = -19*w - 1305 + 34593. What is the tens digit of w?
5
Suppose -w + 683 = 2*n, -16*w = 5*n - 21*w - 1715. What is the units digit of n?
2
What is the units digit of (60/8 - 6)*132?
8
Let h(s) = -3*s**2 + 12*s + 5. Let k(c) = -c**2 + c - 1. Let b(n) = h(n) - 5*k(n). What is the units digit of b(4)?
0
Suppose 5*m - 26 - 19 = 0. Let d be (132/20)/(3/45). Suppose 5*c + m = d. What is the units digit of c?
8
Suppose 17 = 4*j - 3, j + 1 = -3*o. Let l(u) = 10*u**2 + 2*u - 1. Let k(q) = -q**2. Let c(a) = 3*k(a) + l(a). What is the tens digit of c(o)?
2
Suppose 0 = 68*r - 64*r - 12. Suppose 0 = -3*h + r*a + 594, 5*h - 3*a - 788 = h. What is the hundreds digit of h?
1
Let z be (-39 - (1 - 4))*-4. Suppose -6*f + z = -0*f. What is the units digit of f?
4
Suppose -4*r = 0, c - 3*c - 4*r = 216. Let a = -55 - c. What is the tens digit of a?
5
Let s(p) = -2*p + 11. Suppose 8*k = 3*k. Let z be s(k). Suppose -h = -z + 9. What is the units digit of h?
2
Let i = 8 + -6. Let p be i/(-3 + 95/31). Let w = p + -18. What is the units digit of w?
3
Suppose 11*n = 15*n - 12. Suppose 4*v - 5*v + n*k + 63 = 0, 3*v - 133 = -5*k. What is the tens digit of v?
5
Suppose 58 = 5*l - 62. Suppose 6*p = 12 + l. Suppose -2*y + 5*x + 59 = p, -70 = -3*y - 2*x. What is the tens digit of y?
2
Let d be (48/(-7))/(1/(-7)). Suppose c - 7 = -d. What is the tens digit of (c + -4)/((-3)/2)?
3
Let q = 14 + 30. Let s(x) = 10*x + 0*x**2 + q - 31 - x**2. What is the units digit of s(9)?
2
Let v = 163 - -29. Let r = v - 65. Let w = 182 - r. What is the units digit of w?
5
Let z = 66 + -63. Suppose 0 = -z*c + 424 - 82. What is the units digit of c?
4
Suppose -837 = -3*x + 3*p, 2*p - 30 = -3*x + 792. What is the tens digit of x?
7
Let y = -6 + 73. Let n = y + -51. What is the tens digit of n?
1
Let r be 37/2*(-2)/(-3)*108. Suppose -r + 279 = -9*u. What is the hundreds digit of u?
1
Let h(t) = 113*t**2 + 6*t + 11. What is the units digit of h(-2)?
1
Let o(v) be the second derivative of v**5/10 - v**4/3 + v**3/3 - 2*v**2 + 5*v. What is the tens digit of o(3)?
2
What is the tens digit of (-57)/(-152) + (-8714)/(-16)?
4
Let b be (-42)/12*(-12)/7. Let k(p) = p**3 + p**2 - p. Let w(v) = 4*v**3 - 3*v**2 - 4*v. Let r(t) = 3*k(t) - w(t). What is the units digit of r(b)?
6
Let a(d) = 3*d**2 + 13*d - 4. Suppose 2*x = 7*x. Suppose 2*p = 4*s, p + x*s + 15 = -3*s. What is the tens digit of a(p)?
2
Let y = -155 + 284. Suppose 5*s - 46 = y. Let d = s + -14. What is the units digit of d?
1
Let y be -1 - ((-2566)/2 + -4). Suppose 0 = -3*d - 455 + y. What is the units digit of d?
7
Let r(t) be the first derivative of t**2 - 13*t - 3. Let a be r(6). What is the units digit of (7 - 1)/(a/(-6))?
6
Let g(v) be the third derivative of 7*v**5/12 + v**4/8 - v**3/2 - 44*v**2. What is the tens digit of g(2)?
4
Let l(h) be the third derivative of h**6/360 + h**5/60 + h**4/6 - 5*h**3/6 + 2*h**2. Let a(n) be the first derivative of l(n). What is the units digit of a(-6)?
8
Let q be (-4)/(5/(-10)*8). What is the tens digit of 53 + q/1 + -1?
5
Let x = 8 - -12. Suppose 0*k - 4*k + x = 0. Suppose -k*a + 56 + 120 = 3*m, -2*a = -m + 44. What is the units digit of m?
2
Let j = 20 - -9. Suppose -2*m + j + 65 = 0. What is the tens digit of m?
4
Suppose 2*c - 128 = -0*c + 4*t, 3*c + 2*t = 192. Suppose 66*d - 316 = c*d. What is the hundreds digit of d?
1
Suppose -12 = -4*g, z + 0 = g - 3. Let n = 3 + z. Suppose -h + 1 + n = 0, 3*p - h - 98 = 0. What is the units digit of p?
4
Suppose 0 = 2*o + 5*b - 633, -4*o = 2*b - 1198 - 76. What is the hundreds digit of o?
3
Suppose -5 = -2*h - q + 5, 4*q = 3*h - 37. Suppose n + 4 = -5*r, -2*n = -2*r + 3*n - h. What is the units digit of r/((-2)/14 + 0)?
7
Let g = 10 - 7. Suppose -2*j = -g - 3. What is the tens digit of (3/(-9))/(j/(-135))?
1
What is the tens digit of (1 - -335) + (-60)/(-10)?
4
Let l(i) = -32*i**3 - i**2. Let r be l(1). Let q = -16 - r. What is the tens digit of q?
1
Let o(j) = -165*j**3 - j**2 + 1. Let g be o(1). Let d = g + 244. What is the units digit of d?
9
Let r = -2441 - -4406. What is the tens digit of r?
6
Let f(x) = 42*x**2 + x - 40. What is the thousands digit of f(-11)?
5
Let z = 5885 + -764. What is the thousands digit of z?
5
Let z(d) = -2 + 4 + 0 - 1. Let p(w) = 3*w + 9. Let o(f) = -p(f) + 2*z(f). What is the units digit of o(-4)?
5
Let p = 2274 - 371. What is the units digit of p?
3
Let l(h) = -3*h**3 - 6*h**2 - h - 6. What is the tens digit of l(-4)?
9
Let m = -109 + 719. Suppose 0*j = 5*j - m. What is the tens digit of j?
2
Let z(b) = -7*b + 25. Let m(l) = -5*l + 26. Let p(v) = 3*m(v) - 2*z(v). What is the units digit of p(-8)?
6
Let w(a) = a**3 + 12*a**2 + 2*a + 17. Let f be w(-12). Let d(y) = -y**3 - 7*y**2 + 6*y - 7. Let l be d(f). Let p = l - -83. What is the tens digit of p?
3
Suppose -36 = 79*k - 91*k. Let r(x) = 37*x**2 - 1. Let i be r(1). Suppose -k*f + i = -0*f. What is the units digit of f?
2
Let h = 29 - 11. Let r = h - 14. Suppose -w = k - 4 - 1, -k = -r*w + 15. What is the units digit of w?
4
Suppose -2*r - 15*s = -11*s - 5118, 0 = -3*r - 2*s + 7669. What is the tens digit of r?
5
Let v(c) = 2019*c + 114. What is the thousands digit of v(1)?
2
Let d(x) = 3 + 21*x**2 - 37*x**2 - 3*x + 18*x**2. What is the units digit of d(-5)?
8
Suppose 47*u = 19967 + 25858. What is the tens digit of u?
7
Suppose -4 = -i - 5*f - 1, 4*f + 24 = -2*i. Let v = i + 10. Let g(p) = -p**3 - 11*p**2 + 9*p - 3. What is the units digit of g(v)?
3
Let c(s) = -s**3 - 9*s**2 + 10*s + 2. Let t be c(-11). Suppose 0 = 4*j + 2*x - 132 - 130, 2*x = 2*j - t. What is the units digit of j?
6
Suppose 1860*t - 1867*t = -13874. What is the tens digit of t?
8
Suppose -106 = -5*h + 2*v, 3*h - 95 = -h + 5*v. Suppose -2*s - h + 98 = 0. What is the tens digit of s?
3
Let z = -50 + 62. Let k(c) = 10*c - 1. What is the tens digit of k(z)?
1
Let l be ((-4)/(-10))/(5 - (-7956)/(-1590)). What is the tens digit of (-2)/(-4) + (l/(-4) - -1)?
2
Let o be 4/18 - (-1064)/72. Let v be (-1036)/105 - 2/o. What is the units digit of (-60)/v + 2 + 1?
9
Suppose 17 = 3*d - 7. Suppose -s = -3*f - 2, 2*f + d = 5*s - s. Suppose -s*w + 58 = 4*i + 2, -4*i = 0. What is the tens digit of w?
2
Let q = -6 - -6. Suppose q = 11*j - 6*j - 350. Suppose -2*t + 44 + 2 = -x, -2*t + j = 5*x. What is the tens digit of t?
2
Suppose t = -2*t + 15. Suppose t*p = 5*i - 490, -i - 2*p + 192 = i. What is the units digit of i?
7
Suppose 4*l + 268 = -776. Let t = l + 373. What is the hundreds digit of t?
1
Let l = 22 - 15. Let z = l - 7. Suppose -h + 40 - 5 = z. What is the tens digit of h?
3
What is the hundreds digit of 1215/54*(-2)/12*-28?
1
Suppose -45 = -5*c + a, 4 = 2*c - 3*a - 1. Let 